{"id":2,"date":"2024-10-31T11:04:59","date_gmt":"2024-10-31T11:04:59","guid":{"rendered":"https:\/\/www.top-beraten.at\/?page_id=2"},"modified":"2025-01-23T11:09:26","modified_gmt":"2025-01-23T11:09:26","slug":"welcome","status":"publish","type":"page","link":"https:\/\/www.top-beraten.at\/","title":{"rendered":"Welcome"},"content":{"rendered":"\n<style type=\"text\/css\" data-created_by=\"avia_inline_auto\" id=\"style-css-av-m3fnwta2-39ce72438b66eb047b70b7df4588fcfa\">\n.avia-section.av-m3fnwta2-39ce72438b66eb047b70b7df4588fcfa{\nbackground-repeat:no-repeat;\nbackground-image:url(https:\/\/www.top-beraten.at\/wp-content\/uploads\/2024\/11\/pexels-pixabay-260689.jpg);\nbackground-position:50% 50%;\nbackground-attachment:scroll;\n}\n<\/style>\n<div id='av_section_1'  class='avia-section av-m3fnwta2-39ce72438b66eb047b70b7df4588fcfa main_color avia-section-default avia-no-border-styling  avia-builder-el-0  el_before_av_section  avia-builder-el-first  avia-full-stretch avia-bg-style-scroll av-minimum-height av-minimum-height-100 av-height-100  container_wrap sidebar_right'  data-section-bg-repeat='stretch' data-av_minimum_height_pc='100' data-av_min_height_opt='100'><div class='container av-section-cont-open' ><main  role=\"main\" itemprop=\"mainContentOfPage\"  class='template-page content  av-content-small alpha units'><div class='post-entry post-entry-type-page post-entry-2'><div class='entry-content-wrapper clearfix'>\n<div  class='flex_column av-632q-68df96bdd00dbb118eac81e945097420 av_one_half  avia-builder-el-1  avia-builder-el-no-sibling  first flex_column_div  '     ><p>\n<style type=\"text\/css\" data-created_by=\"avia_inline_auto\" id=\"style-css-av-2jp6-7e7be0729723e4385c1bed5983a3d4c5\">\n.avia-image-container.av-2jp6-7e7be0729723e4385c1bed5983a3d4c5 img.avia_image{\nbox-shadow:none;\n}\n.avia-image-container.av-2jp6-7e7be0729723e4385c1bed5983a3d4c5 .av-image-caption-overlay-center{\ncolor:#ffffff;\n}\n<\/style>\n<div  class='avia-image-container av-2jp6-7e7be0729723e4385c1bed5983a3d4c5 av-styling- avia-align-center  avia-builder-el-2  el_before_av_heading  avia-builder-el-first '   itemprop=\"image\" itemscope=\"itemscope\" itemtype=\"https:\/\/schema.org\/ImageObject\" ><div class=\"avia-image-container-inner\"><div class=\"avia-image-overlay-wrap\"><img decoding=\"async\" fetchpriority=\"high\" class='wp-image-24 avia-img-lazy-loading-not-24 avia_image ' src=\"https:\/\/www.top-beraten.at\/wp-content\/uploads\/2024\/11\/logo-top-beraten-gmbh.png\" alt='' title='logo-top-beraten-gmbh'  height=\"201\" width=\"801\"  itemprop=\"thumbnailUrl\" srcset=\"https:\/\/www.top-beraten.at\/wp-content\/uploads\/2024\/11\/logo-top-beraten-gmbh.png 801w, https:\/\/www.top-beraten.at\/wp-content\/uploads\/2024\/11\/logo-top-beraten-gmbh-300x75.png 300w, https:\/\/www.top-beraten.at\/wp-content\/uploads\/2024\/11\/logo-top-beraten-gmbh-768x193.png 768w, https:\/\/www.top-beraten.at\/wp-content\/uploads\/2024\/11\/logo-top-beraten-gmbh-705x177.png 705w\" sizes=\"(max-width: 801px) 100vw, 801px\" \/><\/div><\/div><\/div><br \/>\n\n<style type=\"text\/css\" data-created_by=\"avia_inline_auto\" id=\"style-css-av-m3fnyuqf-b6af2a460e18877b3b3b72170f3d4e76\">\n#top .av-special-heading.av-m3fnyuqf-b6af2a460e18877b3b3b72170f3d4e76{\npadding-bottom:10px;\ncolor:#ffffff;\n}\nbody .av-special-heading.av-m3fnyuqf-b6af2a460e18877b3b3b72170f3d4e76 .av-special-heading-tag .heading-char{\nfont-size:25px;\n}\n.av-special-heading.av-m3fnyuqf-b6af2a460e18877b3b3b72170f3d4e76 .special-heading-inner-border{\nborder-color:#ffffff;\n}\n.av-special-heading.av-m3fnyuqf-b6af2a460e18877b3b3b72170f3d4e76 .av-subheading{\nfont-size:26px;\n}\n<\/style>\n<div  class='av-special-heading av-m3fnyuqf-b6af2a460e18877b3b3b72170f3d4e76 av-special-heading-h1 custom-color-heading blockquote modern-quote  avia-builder-el-3  el_after_av_image  el_before_av_textblock '><h1 class='av-special-heading-tag '  itemprop=\"headline\"  >Top-Beraten GmbH<\/h1><div class='av_custom_color av-subheading av-subheading_below'><p>Senator Andreas Reinthaler, CSE<\/p>\n<\/div><div class=\"special-heading-border\"><div class=\"special-heading-inner-border\"><\/div><\/div><\/div><br \/>\n<section  class='av_textblock_section av-m3fw1ist-7d416f62ea4e4e2b81f7b4afb89e2d2d '   itemscope=\"itemscope\" itemtype=\"https:\/\/schema.org\/CreativeWork\" ><div class='avia_textblock av_inherit_color'  itemprop=\"text\" ><p>Top-Beraten GmbH<br \/>\nFranz-Josefs-Kai 5\/9, A-1010 Wien<br \/>\nHandelsgericht Wien: FN637631v<\/p>\n<p>+43 664 330 36 00<br \/>\noffice@top-beraten.at<br \/>\nwww.top-beraten.at<\/p>\n<\/div><\/section><\/p><\/div>\n\n<\/div><\/div><\/main><!-- close content main element --><\/div><\/div>\n<style type=\"text\/css\" data-created_by=\"avia_inline_auto\" id=\"style-css-av-6dee-6c711e4a2d55ae8ec71325513261e1dd\">\n.avia-section.av-6dee-6c711e4a2d55ae8ec71325513261e1dd{\nbackground-color:#b2b2b2;\nbackground:radial-gradient( #ffffff, #b2b2b2 );\n}\n<\/style>\n<div id='av_section_2'  class='avia-section av-6dee-6c711e4a2d55ae8ec71325513261e1dd main_color avia-section-small avia-no-border-styling  avia-builder-el-5  el_after_av_section  el_before_av_section  avia-bg-style-scroll container_wrap sidebar_right'  ><div class='container av-section-cont-open' ><div class='template-page content  av-content-small alpha units'><div class='post-entry post-entry-type-page post-entry-2'><div class='entry-content-wrapper clearfix'>\n<div class='flex_column_table av-7xfm-d97fe3b46cb544e060c2b1845af451df sc-av_one_fifth av-equal-height-column-flextable'><div  class='flex_column av-7xfm-d97fe3b46cb544e060c2b1845af451df av_one_fifth  avia-builder-el-6  el_before_av_three_fifth  avia-builder-el-first  first flex_column_table_cell av-equal-height-column av-align-top  '     ><\/div><div class='av-flex-placeholder'><\/div><div  class='flex_column av-5tgw-5c9da2d660588287aa78a905f7f9855c av_three_fifth  avia-builder-el-7  el_after_av_one_fifth  el_before_av_one_fifth  flex_column_table_cell av-equal-height-column av-align-top  '     ><style type=\"text\/css\" data-created_by=\"avia_inline_auto\" id=\"style-css-av-3ql2-45c8d370b25ede045b08252ffa7e5729\">\n.avia-image-container.av-3ql2-45c8d370b25ede045b08252ffa7e5729 img.avia_image{\nbox-shadow:none;\n}\n.avia-image-container.av-3ql2-45c8d370b25ede045b08252ffa7e5729 .av-image-caption-overlay-center{\ncolor:#ffffff;\n}\n<\/style>\n<div  class='avia-image-container av-3ql2-45c8d370b25ede045b08252ffa7e5729 av-styling- avia-align-center  avia-builder-el-8  avia-builder-el-no-sibling '   itemprop=\"image\" itemscope=\"itemscope\" itemtype=\"https:\/\/schema.org\/ImageObject\" ><div class=\"avia-image-container-inner\"><div class=\"avia-image-overlay-wrap\"><img decoding=\"async\" fetchpriority=\"high\" class='wp-image-24 avia-img-lazy-loading-not-24 avia_image ' src=\"https:\/\/www.top-beraten.at\/wp-content\/uploads\/2024\/11\/logo-top-beraten-gmbh.png\" alt='' title='logo-top-beraten-gmbh'  height=\"201\" width=\"801\"  itemprop=\"thumbnailUrl\" srcset=\"https:\/\/www.top-beraten.at\/wp-content\/uploads\/2024\/11\/logo-top-beraten-gmbh.png 801w, https:\/\/www.top-beraten.at\/wp-content\/uploads\/2024\/11\/logo-top-beraten-gmbh-300x75.png 300w, https:\/\/www.top-beraten.at\/wp-content\/uploads\/2024\/11\/logo-top-beraten-gmbh-768x193.png 768w, https:\/\/www.top-beraten.at\/wp-content\/uploads\/2024\/11\/logo-top-beraten-gmbh-705x177.png 705w\" sizes=\"(max-width: 801px) 100vw, 801px\" \/><\/div><\/div><\/div><\/div><div class='av-flex-placeholder'><\/div><div  class='flex_column av-49a4-7f80973d70c67a9ab00af6570b73bef8 av_one_fifth  avia-builder-el-9  el_after_av_three_fifth  avia-builder-el-last  flex_column_table_cell av-equal-height-column av-align-top  '     ><\/div><\/div><!--close column table wrapper. Autoclose: 1 -->\n\n<\/div><\/div><\/div><!-- close content main div --><\/div><\/div><div id='av_section_3'  class='avia-section av-rk00-eb186716c25724b93610e6195495877d main_color avia-section-small avia-no-border-styling  avia-builder-el-10  el_after_av_section  el_before_av_section  avia-bg-style-scroll container_wrap sidebar_right'  ><div class='container av-section-cont-open' ><div class='template-page content  av-content-small alpha units'><div class='post-entry post-entry-type-page post-entry-2'><div class='entry-content-wrapper clearfix'>\n<div  class='flex_column av-mgok-d75ddaba96941433d99f297f8d079ef3 av_one_full  avia-builder-el-11  el_before_av_one_fifth  avia-builder-el-first  first flex_column_div  '     ><style type=\"text\/css\" data-created_by=\"avia_inline_auto\" id=\"style-css-av-j14i-00a282618dc08246b4c14bb8ea9c9710\">\nbody .av-special-heading.av-j14i-00a282618dc08246b4c14bb8ea9c9710 .av-special-heading-tag .heading-char{\nfont-size:25px;\n}\n.av-special-heading.av-j14i-00a282618dc08246b4c14bb8ea9c9710 .av-subheading{\nfont-size:15px;\n}\n<\/style>\n<div  class='av-special-heading av-j14i-00a282618dc08246b4c14bb8ea9c9710 av-special-heading-h1 blockquote modern-quote modern-centered  avia-builder-el-12  avia-builder-el-no-sibling '><h1 class='av-special-heading-tag '  itemprop=\"headline\"  >Senator Andreas Reinthaler, CSE<\/h1><div class='av-subheading av-subheading_below'><p>Verm\u00f6gensberatung | Unternehmensberatung | Aufsichtsrat<\/p>\n<\/div><div class=\"special-heading-border\"><div class=\"special-heading-inner-border\"><\/div><\/div><\/div><\/div><div  class='flex_column av-6r4a-8995797c8025f0039bb16d784b058348 av_one_fifth  avia-builder-el-13  el_after_av_one_full  el_before_av_three_fifth  first flex_column_div  column-top-margin'     ><\/div><div  class='flex_column av-61sm-75d50de2466ec44838ba30ac11bba027 av_three_fifth  avia-builder-el-14  el_after_av_one_fifth  el_before_av_one_fifth  flex_column_div  column-top-margin'     ><style type=\"text\/css\" data-created_by=\"avia_inline_auto\" id=\"style-css-av-m697tgp5-e098b52ce9df1b764d54a1d2527d08ad\">\n.avia-image-container.av-m697tgp5-e098b52ce9df1b764d54a1d2527d08ad img.avia_image{\nbox-shadow:none;\n}\n.avia-image-container.av-m697tgp5-e098b52ce9df1b764d54a1d2527d08ad .av-image-caption-overlay-center{\ncolor:#ffffff;\n}\n<\/style>\n<div  class='avia-image-container av-m697tgp5-e098b52ce9df1b764d54a1d2527d08ad av-styling- avia-align-center  avia-builder-el-15  avia-builder-el-no-sibling '   itemprop=\"image\" itemscope=\"itemscope\" itemtype=\"https:\/\/schema.org\/ImageObject\" ><div class=\"avia-image-container-inner\"><div class=\"avia-image-overlay-wrap\"><img decoding=\"async\" fetchpriority=\"high\" class='wp-image-102 avia-img-lazy-loading-not-102 avia_image ' src=\"https:\/\/www.top-beraten.at\/wp-content\/uploads\/2025\/01\/Auszeichnungen-und-Siegel-1030x172.jpg\" alt='' title='Auszeichnungen und Siegel'  height=\"172\" width=\"1030\"  itemprop=\"thumbnailUrl\" srcset=\"https:\/\/www.top-beraten.at\/wp-content\/uploads\/2025\/01\/Auszeichnungen-und-Siegel-1030x172.jpg 1030w, https:\/\/www.top-beraten.at\/wp-content\/uploads\/2025\/01\/Auszeichnungen-und-Siegel-300x50.jpg 300w, https:\/\/www.top-beraten.at\/wp-content\/uploads\/2025\/01\/Auszeichnungen-und-Siegel-768x128.jpg 768w, https:\/\/www.top-beraten.at\/wp-content\/uploads\/2025\/01\/Auszeichnungen-und-Siegel-1536x256.jpg 1536w, https:\/\/www.top-beraten.at\/wp-content\/uploads\/2025\/01\/Auszeichnungen-und-Siegel-2048x342.jpg 2048w, https:\/\/www.top-beraten.at\/wp-content\/uploads\/2025\/01\/Auszeichnungen-und-Siegel-1500x250.jpg 1500w, https:\/\/www.top-beraten.at\/wp-content\/uploads\/2025\/01\/Auszeichnungen-und-Siegel-705x118.jpg 705w\" sizes=\"(max-width: 1030px) 100vw, 1030px\" \/><\/div><\/div><\/div><\/div><div  class='flex_column av-2ple-8f84b7ea76ab0987fcdada3b6d836894 av_one_fifth  avia-builder-el-16  el_after_av_three_fifth  avia-builder-el-last  flex_column_div  column-top-margin'     ><\/div>\n\n<\/div><\/div><\/div><!-- close content main div --><\/div><\/div><div id='av_section_4'  class='avia-section av-5mtg-082bf8be107df37ccfd0c6cdd3f9d204 main_color avia-section-default avia-no-border-styling  avia-builder-el-17  el_after_av_section  el_before_av_heading  avia-bg-style-scroll container_wrap sidebar_right'  ><div class='container av-section-cont-open' ><div class='template-page content  av-content-small alpha units'><div class='post-entry post-entry-type-page post-entry-2'><div class='entry-content-wrapper clearfix'>\n<div  class='flex_column av-1di-45142ef9e0fd36c9f4ddaf75a9688d24 av_one_full  avia-builder-el-18  avia-builder-el-no-sibling  first flex_column_div  '     ><section  class='av_textblock_section av-m68lud98-e88b16c2ee51bced417ce7a675e8bb6f '   itemscope=\"itemscope\" itemtype=\"https:\/\/schema.org\/CreativeWork\" ><div class='avia_textblock'  itemprop=\"text\" ><h3><strong>Top-Beraten \u2013 Hand in Hand \u2013 f\u00fcr Ihre Zukunft<\/strong><\/h3>\n<p>Es gibt 3 gute Gr\u00fcnde einem Profi Geld und Sicherheit anzuvertrauen!<\/p>\n<ol>\n<li>Es handelt sich um Ihr Geld.<\/li>\n<li>Es handelt sich um Ihre Sicherheit.<\/li>\n<li>Sie haben nicht die Zeit, sich selbst \u00fcber alle\u00a0M\u00f6glichkeiten und Notwendigkeiten zu informieren.<img loading=\"lazy\" decoding=\"async\" class=\"size-medium wp-image-99 alignright\" src=\"https:\/\/www.top-beraten.at\/wp-content\/uploads\/2025\/01\/top-beraten-grafik-plan-256x300.png\" alt=\"\" width=\"256\" height=\"300\" srcset=\"https:\/\/www.top-beraten.at\/wp-content\/uploads\/2025\/01\/top-beraten-grafik-plan-256x300.png 256w, https:\/\/www.top-beraten.at\/wp-content\/uploads\/2025\/01\/top-beraten-grafik-plan.png 406w\" sizes=\"auto, (max-width: 256px) 100vw, 256px\" \/><\/li>\n<\/ol>\n<h3><strong>Ihre Vorteile auf einen Blick:<\/strong><\/h3>\n<p><strong>Verm\u00f6gensberater<\/strong><\/p>\n<ul>\n<li>m\u00fcssen wir entsprechende Bef\u00e4higungen und laufende Schulungen nachweisen.<\/li>\n<li>arbeiten wir nach dem \u201ebest advice\u201c Prinzip.<\/li>\n<li>haften wir voll f\u00fcr unsere Beratung.<\/li>\n<\/ul>\n<p><strong>Objektiv<\/strong><\/p>\n<ul>\n<li>analysieren wir gemeinsam mit Ihnen Ziele, W\u00fcnsche und Bedarf<\/li>\n<li>w\u00e4hlen wir f\u00fcr Sie die geeigneten Produkte aus dem gesamten Marktangebot aus<\/li>\n<li>kl\u00e4ren wir Sie in einem ausf\u00fchrlichen Gespr\u00e4ch \u00fcber Vorteile und m\u00f6gliche Gefahren auf<\/li>\n<\/ul>\n<h3><strong>Top-Beraten ist \u2026<\/strong><\/h3>\n<p><strong>Unabh\u00e4ngig<\/strong>.<\/p>\n<p>Als Verm\u00f6gensberater, der in keinem Abh\u00e4ngigkeitsverh\u00e4ltnis zu einer Bank, einem Versicherungsinstitut oder einer Kapitalanlagegesellschaft steht, ist Top-Beraten\u00a0ein vollkommen objektives Unternehmen.<\/p>\n<p><strong>Objektiv<\/strong>.<\/p>\n<p>Top-Beraten ist jederzeit in der Lage Angebote objektiv zu pr\u00fcfen, abzuw\u00e4gen und zu empfehlen. Wir entscheiden von Fall zu Fall mit welcher Bank, Versicherung oder Kapitalanlagegesellschaft wir zusammenarbeiten um das beste Angebot f\u00fcr Sie durchzusetzen.<\/p>\n<p><strong>Unabh\u00e4ngig und objektiv.<\/strong><\/p>\n<p>Das sind die St\u00e4rken eines unabh\u00e4ngig Verm\u00f6gensberaters, der niemandem verpflichtet ist \u2013 <strong>au\u00dfer seinen Kunden<\/strong>.<\/p>\n<\/div><\/section><\/div><\/div><\/div><\/div><!-- close content main div --><\/div><\/div><div id='after_section_4'  class='main_color av_default_container_wrap container_wrap sidebar_right'  ><div class='container av-section-cont-open' ><div class='template-page content  av-content-small alpha units'><div class='post-entry post-entry-type-page post-entry-2'><div class='entry-content-wrapper clearfix'>\n<style type=\"text\/css\" data-created_by=\"avia_inline_auto\" id=\"style-css-av-35r2-1b9f5a350a86c84e88c4a2045dbd3ed2\">\n#top .av-special-heading.av-35r2-1b9f5a350a86c84e88c4a2045dbd3ed2{\npadding-bottom:10px;\n}\nbody .av-special-heading.av-35r2-1b9f5a350a86c84e88c4a2045dbd3ed2 .av-special-heading-tag .heading-char{\nfont-size:25px;\n}\n.av-special-heading.av-35r2-1b9f5a350a86c84e88c4a2045dbd3ed2 .av-subheading{\nfont-size:15px;\n}\n<\/style>\n<div  class='av-special-heading av-35r2-1b9f5a350a86c84e88c4a2045dbd3ed2 av-special-heading-h2  avia-builder-el-20  el_after_av_section  el_before_av_partner  avia-builder-el-first '><h2 class='av-special-heading-tag '  itemprop=\"headline\"  >Unsere Netzwerkpartner<\/h2><div class=\"special-heading-border\"><div class=\"special-heading-inner-border\"><\/div><\/div><\/div><\/p>\n\n<style type=\"text\/css\" data-created_by=\"avia_inline_auto\" id=\"style-css-av-dm0w-861bc16e3de36ccded9b5a308999e191\">\n.avia-logo-element-container.av-dm0w-861bc16e3de36ccded9b5a308999e191 .av-partner-fake-img{\nbackground-size:cover;\n}\n<\/style>\n<div  class='avia-logo-element-container av-dm0w-861bc16e3de36ccded9b5a308999e191 avia-logo-slider avia-content-slider avia-smallarrow-slider avia-content-slider-active noHover avia-content-slider-odd  avia-builder-el-21  el_after_av_heading  avia-builder-el-last  av-slideshow-ui av-control-default av-nav-arrows-visible av-nav-dots-visible av-no-slider-navigation av-slideshow-manual av-loop-once av-loop-manual-endless avia-content-slider1' data-slideshow-options=\"{&quot;animation&quot;:&quot;slide&quot;,&quot;autoplay&quot;:false,&quot;loop_autoplay&quot;:&quot;once&quot;,&quot;interval&quot;:5,&quot;loop_manual&quot;:&quot;manual-endless&quot;,&quot;autoplay_stopper&quot;:false,&quot;noNavigation&quot;:false,&quot;bg_slider&quot;:false,&quot;keep_padding&quot;:&quot;&quot;,&quot;hoverpause&quot;:false,&quot;show_slide_delay&quot;:0}\"><div class='avia-smallarrow-slider-heading  no-logo-slider-heading '><div class='new-special-heading'>&nbsp;<\/div><\/div><div class=\"avia-content-slider-inner\"><div class=\"slide-entry-wrap\"><div  class='slide-entry av-brek-63c01b4219198ccb32f619737c489d3d flex_column no_margin av_one_fifth real-thumbnail post-entry slide-entry-overview slide-loop-1 slide-parity-odd  first'><span class='av-partner-fake-img' style='padding-bottom:49.645390070922%; background-image:url(https:\/\/www.top-beraten.at\/wp-content\/uploads\/2025\/01\/whitestone.png);'><\/span><\/div><div  class='slide-entry av-8w2u-3b6bb26cf786e4c2e294864691b779ac flex_column no_margin av_one_fifth real-thumbnail post-entry slide-entry-overview slide-loop-2 slide-parity-even  '><span class='av-partner-fake-img' style='padding-bottom:49.645390070922%; background-image:url(https:\/\/www.top-beraten.at\/wp-content\/uploads\/2025\/01\/ikd-versicherungsmakler.png);'><\/span><\/div><div  class='slide-entry av-2nc-ef37bb83d090248522aeb5f90ac48e31 flex_column no_margin av_one_fifth real-thumbnail post-entry slide-entry-overview slide-loop-3 slide-parity-odd  '><span class='av-partner-fake-img' style='padding-bottom:49.645390070922%; background-image:url(https:\/\/www.top-beraten.at\/wp-content\/uploads\/2025\/01\/th2-wohnbaucenter.png);'><\/span><\/div><div  class='slide-entry av-5bwe-6620b1183f430ca81420769dfa7c53c8 flex_column no_margin av_one_fifth real-thumbnail post-entry slide-entry-overview slide-loop-4 slide-parity-even  '><span class='av-partner-fake-img' style='padding-bottom:49.645390070922%; background-image:url(https:\/\/www.top-beraten.at\/wp-content\/uploads\/2025\/01\/name-works.png);'><\/span><\/div><div  class='slide-entry av-3m0c-fef76ea8ce45e75d6380dc67c63e60a5 flex_column no_margin av_one_fifth real-thumbnail post-entry slide-entry-overview slide-loop-5 slide-parity-odd post-entry-last '><span class='av-partner-fake-img' style='padding-bottom:49.645390070922%; background-image:url(https:\/\/www.top-beraten.at\/wp-content\/uploads\/2025\/01\/green-doctors.png);'><\/span><\/div><\/div><\/div><\/div>\n","protected":false},"excerpt":{"rendered":"","protected":false},"author":1,"featured_media":0,"parent":0,"menu_order":0,"comment_status":"closed","ping_status":"open","template":"","meta":{"footnotes":""},"class_list":["post-2","page","type-page","status-publish","hentry"],"_links":{"self":[{"href":"https:\/\/www.top-beraten.at\/index.php\/wp-json\/wp\/v2\/pages\/2","targetHints":{"allow":["GET"]}}],"collection":[{"href":"https:\/\/www.top-beraten.at\/index.php\/wp-json\/wp\/v2\/pages"}],"about":[{"href":"https:\/\/www.top-beraten.at\/index.php\/wp-json\/wp\/v2\/types\/page"}],"author":[{"embeddable":true,"href":"https:\/\/www.top-beraten.at\/index.php\/wp-json\/wp\/v2\/users\/1"}],"replies":[{"embeddable":true,"href":"https:\/\/www.top-beraten.at\/index.php\/wp-json\/wp\/v2\/comments?post=2"}],"version-history":[{"count":34,"href":"https:\/\/www.top-beraten.at\/index.php\/wp-json\/wp\/v2\/pages\/2\/revisions"}],"predecessor-version":[{"id":103,"href":"https:\/\/www.top-beraten.at\/index.php\/wp-json\/wp\/v2\/pages\/2\/revisions\/103"}],"wp:attachment":[{"href":"https:\/\/www.top-beraten.at\/index.php\/wp-json\/wp\/v2\/media?parent=2"}],"curies":[{"name":"wp","href":"https:\/\/api.w.org\/{rel}","templated":true}]}}